
-35
Let d(x) = 4*x + 17. Suppose 187 = 9*a + 259. What is d(a)?
-15
Let o(b) = 9*b**2 - 5*b - 10. Let p(s) = -16*s**2 + 10*s + 19. Let l(c) = 7*o(c) + 4*p(c). Let n be 1/2 - 8/16. Suppose n = a - 4*a + 15. Give l(a).
6
Let o(x) be the first derivative of 14 + 1/2*x**2 + 0*x. What is o(4)?
4
Let c = 5857 - 5864. Let o(j) = j**3 + 9*j**2 + j - 7. What is o(c)?
84
Let x(z) be the third derivative of -z**4/24 - 10*z**3/3 - 1289*z**2. Calculate x(9).
-29
Let k(b) = 1. Let l = -49 + 50. Let c(d) = -4*d + 5. Let x(f) = l*c(f) - 6*k(f). Calculate x(4).
-17
Suppose b - 18 = -17*b. Let c(l) = l**2 + 11*l. Let a(k) = 2*k. Let j(p) = b*c(p) - 2*a(p). Give j(-5).
-10
Let c = 378 - 375. Let s(a) = -7 + c*a + 3*a + 312*a**2 - 313*a**2 + 6*a. Determine s(11).
4
Let h be (5904/270 - 22)/(((-2)/15)/2). Let z(a) = 6*a**2 - 8*a + 12. What is z(h)?
20
Let k(f) be the third derivative of -f**6/24 - f**3/6 - f**2 + 93*f. Determine k(-1).
4
Let q(a) = -4*a + 92. Suppose 0 = 3*j + 3*r - 84, 0 = 10*j - 5*j + 3*r - 146. Calculate q(j).
-32
Suppose -3*u - 3*r - 3 = 6, -u - 12 = 4*r. Suppose u = f - 0*f - 1. Let l(b) = b**2 - 1 - 8 + 14 + f + 7*b. What is l(-4)?
-6
Let h(o) = -69*o + 1. Let t be -25 + 29 - 10/2. Let p be h(t). Let f = p + -65. Let y(x) = -2*x**2 + 10*x - 2. Determine y(f).
-2
Let p(y) = 5*y**2 + 27*y + 25. Let x(t) be the second derivative of t**4/12 + 5*t**3/6 + 5*t**2/2 + 10*t + 1. Let h(z) = -2*p(z) + 11*x(z). Give h(0).
5
Suppose -16*g + 472 + 40 = 0. Let x(w) = 2 - 3 - 7 - 38*w + 72*w - g*w. Determine x(5).
2
Let m(h) = 5*h. Suppose 5*l = 16*l + 88. Let s be (-3)/6 + (-28)/l. Suppose u = j + s*u + 6, 2*u + 10 = j. What is m(j)?
10
Let n(l) = l**2 - 17*l + 3. Suppose -5*j = -4*w - 19, 11 = 4*j - 5*w + 3. Give n(j).
-67
Suppose n - h = -11, 4*n + 5*h = 28 - 36. Let o(i) = -i. Let c(f) = f - 8. Let y(g) = g**2 + 5*g - 8. Let t be y(-6). Let u(a) = t*o(a) - c(a). Give u(n).
1
Let a(i) = 8*i - 3. Suppose -16*x = -12*x - 4. Let z be x - (3 + 3 + -8). Suppose 5*r - 33 = -4*g, -2*g + z*g + 13 = 3*r. Give a(g).
13
Let s(x) = x**2 + 32*x + 53. Let c(k) = 6*k + 4. Let h(z) = 2*c(z) - s(z). Give h(-17).
6
Let m(n) be the third derivative of n**6/120 + n**5/10 - 2*n**4/3 + 3*n**3/2 - 68*n**2 - 4*n. Determine m(-7).
72
Suppose 4*d = 2*g - 12, 5*g + 6 = 4*d + 18. Suppose -l - 3 + 0 = -2*o, g = -2*l - 5*o + 3. Let h(c) be the first derivative of 5*c**2/2 - 62. What is h(l)?
-5
Suppose 0 = -34*d + 27*d. Suppose -6*w - 2*w + 104 = d. Let j(b) = -b + 18. What is j(w)?
5
Let v(k) be the second derivative of -k**4/12 + 4*k**3/3 - 19*k**2 - 76*k + 9. Give v(7).
-31
Let r(s) = 11*s - 43. Let k(g) = -5*g + 19. Let o(l) = 13*k(l) + 6*r(l). Suppose 0 = -2*d - 6, 4*b - 3*d = 54 - 21. What is o(b)?
-5
Let m = 486 - 497. Let q(z) = z**2 + 22*z + 127. Let y be q(m). Let t(d) = d**3 - 7*d**2 - d - 3. Determine t(y).
-45
Let b(t) = -t**3 + t**2 + 4*t - 13. Let u(m) = -m**2 + 1. Let i(q) = -b(q) - 5*u(q). Let p be (-64)/4 + 29 + -18. Determine i(p).
3
Let l(f) = f - 3. Suppose 4*g - 675 = -647. Suppose -g = -12*w + 17. Calculate l(w).
-1
Let u(t) = -t**2 + 15*t - 45. Let k = -7608 - -7616. What is u(k)?
11
Let r(g) = 11*g + 16. Let d = -4318 - -4313. Calculate r(d).
-39
Suppose -4*d = -2*q - 2, 3 = -2*d - d + 3*q. Let f(k) = -12*k + 2*k**2 - 4*k**d + 3*k - 6 - 3*k. What is f(-8)?
-38
Let v(p) be the first derivative of p**4/4 + 5*p**3/3 - 11*p - 4310. Give v(-5).
-11
Let o(b) = 3*b**2 - b - 9. Suppose -8 = -3*v - 6*i + 37, -18 = 2*v - 4*i. What is o(v)?
15
Suppose 3*z - 3 - 51 = 0. Let a be (-3)/((-12)/z - (-3)/45). Let v(f) = -f**2 + 3*f - 7. Give v(a).
-17
Let o(x) = 49*x + 24 - 4*x + 9*x**2 - 47 + 60*x. Give o(-12).
13
Let y(w) = -w**3 + 13*w**2 + 12*w + 32. Let c = 4757 - 4743. What is y(c)?
4
Let p(m) be the second derivative of 1/180*m**6 + 33*m + 1/4*m**4 + 41/6*m**3 + 0*m**2 + 0 - 1/15*m**5. Let i(v) be the second derivative of p(v). What is i(5)?
16
Suppose -11*p + 0*p = 5*p - 96. Let f(h) = h**3 - 6*h**2 - h - 11. Determine f(p).
-17
Let x(y) be the second derivative of -y**3 + 1/12*y**4 + 0 + 0*y**2 - 3*y - 1/120*y**5. Let m(u) be the second derivative of x(u). Give m(5).
-3
Let j(d) be the third derivative of d**6/120 - 23*d**5/60 + 5*d**4/6 + 47*d**3/6 - d**2. Let w = 114473 - 114451. Give j(w).
3
Let y = 89 - 82. Suppose -4*j + 4*g + 47 = y*g, -15 = -3*g. Let b(z) = -z**3 + 8*z**2 + z - 6. Determine b(j).
2
Let h(r) = -97 + 11*r + 49 + 43 + 39. Give h(-3).
1
Let o(a) = -a**3 - 9*a**2 + a - 3. Let g(l) = -2*l**3 - 17*l**2 + 2*l - 6. Let r(w) = -3*g(w) + 5*o(w). Suppose 4*f - 80 = -52. Let i = f + -13. What is r(i)?
9
Let r(l) be the first derivative of -l**3 - 3*l**2/2 + 6*l - 1. Let q(z) = 8*z**2 + 5*z**2 + 44*z - 25 - 31*z. Let x(b) = 2*q(b) + 9*r(b). Calculate x(0).
4
Suppose -68 = 9*h - 135 + 58. Let v(s) = 46*s**2 + 2*s - 3. Give v(h).
45
Let u(p) be the second derivative of -p**4/24 - 5*p**3/3 + 19*p**2 + 32*p. Let q(o) be the first derivative of u(o). What is q(7)?
-17
Suppose -13 = -22*m + 17*m - 4*j, 0 = 4*m - j - 2. Let f = 1 + 3. Suppose -n - m + 0 = 0, -f*u = 4*n. Let c(k) = k**2 + 2*k - 1. Determine c(u).
2
Let b(q) = -7*q - 3. Let l(d) = -33*d - 14. Let z(a) = -11*b(a) + 2*l(a). Let s(t) = -22*t - 8. Let k(i) = -3*s(i) - 5*z(i). Calculate k(1).
10
Let k(g) = -g**3 - g**2 - g - 4. Let a(u) = -u**2 + 1. Let l(c) = -2*a(c) - k(c). Suppose -35 = -19*j - 225. Let s be ((-2)/(-60)*j)/(2/18). Determine l(s).
-1
Let h(t) = 2*t**2 - 13*t + 23. Suppose 216 + 168 = 64*d. Calculate h(d).
17
Let u(n) = -3*n**2 - 5*n - 1. Let j(k) = -k**2 - 22*k - 42. Let a be j(-20). Give u(a).
-3
Let m(h) = -8*h**2 + 2*h + 1. Suppose -3*d = 4*r - 10, 2*d - r = 3*r. Suppose d*k = -3*w + 3, -8 = -3*w + 8*w - k. Give m(w).
-9
Let y be 9 + ((-2)/6)/((-6)/(-90)). Suppose -7*a + 5*a - y*d - 8 = 0, a - 2*d = 12. Let j(q) = -q**3 + 5*q**2 - 3*q + 1. Determine j(a).
5
Suppose 2*b + 14 = 9*b. Suppose b = 2*d - d. Let m(h) = 25*h**2 - 8*h**2 + 7 + 5*h - 9*h**d - 9*h**2. Determine m(6).
1
Let b(p) = -p**3 - 107*p**2 - 15*p + 10. Let x(s) = -s**3 - 84*s**2 - 15*s + 9. Let q(l) = 4*b(l) - 5*x(l). What is q(5)?
-5
Let t be 1 + 2 - (2 - 0). Let a(y) be the second derivative of -13*y**3/6 + y**2/2 + 2680*y. Give a(t).
-12
Let u(i) = -14*i**2 + 3*i. Let q(a) = -220*a + 2859. Let f be q(13). Calculate u(f).
-17
Suppose -5*b - 5*c = 0, -242*b + 8 = -239*b + c. Let z(f) = -f**2 - f + 8. Determine z(b).
-12
Let f(y) be the first derivative of -y**2 + 12*y + 3. Let j(w) = -17*w - 12 + 66 + 12*w. Let c be j(9). What is f(c)?
-6
Suppose 3*s + 18 = 3*n + 51, -3*s = 4*n + 2. Let a(y) = -s*y + 15*y - 2*y**2 - 7*y - 3*y + 2. Give a(2).
-8
Let a(m) = -m - 18. Let w(p) be the second derivative of p**5/20 - 5*p**4/6 + 7*p**3/3 + 4*p**2 + 65*p - 2. Let x be w(8). Give a(x).
-10
Let c(j) = j. Let u be c(9). Let w = u + -13. Let t(g) be the third derivative of -g**6/120 - g**5/20 + g**4/24 - 2*g**3/3 - 26*g**2 - 2. Calculate t(w).
8
Let d(w) = 34 - 15 - 36 - 41*w - w**2 + 59*w. Determine d(15).
28
Let m(w) = 4*w + 16. Let o(i) = -i - 5. Let z = 26 - 24. Let r(g) = z*m(g) + 7*o(g). Let x be 116/30 + (-14)/(-105). What is r(x)?
1
Suppose 4*b + 38 = -130. Let s = b - -47. Let o(w) = -w**2 + 6*w + 6. What is o(s)?
11
Let g(b) = -28270 + 14141 + 17*b + 14063. Give g(4).
2
Let s(h) be the first derivative of 25*h**2/2 - 84*h - 1224. What is s(3)?
-9
Let b(w) = -5*w**2 - w - 1. Suppose 11 - 4 = t. Let y = t + -7. Suppose y = -3*n + 3 - 9. What is b(n)?
-19
Let k(o) = o**2 - 8*o + 8. Let j(y) = 2*y + 45. Let l be j(-12). Let s(f) = 5*f + 7. Let n be s(4). Let v = n - l. Determine k(v).
-4
Let v(f) = 0*f + 13267 - 26552 - 2*f**2 - 13*f + 13304. What is v(-8)?
-5
Let c(t) = -13*t + 0*t**3 - 36 - 73*t**2 - t**3 + 38 + 62*t**2. What is c(-7)?
-103
Let u(k) be the third derivative of k**6/120 + k**5/10 + k**4/24 - 7*k**3/6 + k**2. Let n = 79 - 81. Let v be (-8 + 5 - (4 + n))/1. Calculate u(v).
13
Let c(t) = 2*t**2 - 14 - 8 - 10*t + 5*t - 10*t - 7*t. What is c(16)?
138
Let z = -510 + 533. Let h(p) = -5 + 9*p**2 + 10 + 3*p - 25*p + p**3 + z*p. Determine h(-9).
-4
Let w(c) = -5 + 6*c + c - 5*c. Let s = 87 - 62. Suppose -s = 22*x + 63. Determine w(x).
-13
Suppose 0 = 9*o + o + 11*o - 399. Let a(f) = -f**3 + 15*f**2 + 80*f - 76. D